(-30))/((-3)/(-20)). Let s = -3 - l. What is the remainder when b is divided by s?
12
Calculate the remainder when 66 is divided by 2/5 - (-21384)/540.
26
Let z(i) = -i**2 + 24*i + 195. What is the remainder when 84 is divided by z(-6)?
9
Let b(r) = -5*r + 16. What is the remainder when 201 is divided by b(-7)?
48
Let j(o) = o**3 + 6*o**2 + 3*o + 4. Let w be j(-5). What is the remainder when 121 is divided by (-246)/9*(-21)/w?
39
Suppose -p + 4*p + 4*f = 13, -p + 1 = -2*f. Suppose -5*l + 12 = -4*y - 3, 9 = 3*l - 3*y. Suppose l = i - p. What is the remainder when 11 is divided by i?
5
Let d(r) be the first derivative of -r**4/2 + r + 1. Suppose 94*n = 104*n - 500. Calculate the remainder when n is divided by d(-2).
16
Let r(a) = 9*a**2 - 3*a**2 - 1 + 4*a**2 - 2. Calculate the remainder when r(-2) is divided by 195/10*(-2)/(-3).
11
Let v(y) = -2 + 21*y + 6*y - 60*y. Calculate the remainder when v(-1) is divided by 18.
13
Suppose 38*m + 17*m = 12375. What is the remainder when m is divided by 45?
0
Suppose 27*n - 207 - 225 = 0. What is the remainder when 20 is divided by n?
4
Suppose -94 = -735*b + 733*b. What is the remainder when b is divided by 17?
13
Suppose 70 = -p + 6*p. Let o(y) = -5*y**3 - 26 - 8*y + 11*y**2 + 6*y**3 + 3 - 8*y. What is the remainder when o(-12) is divided by p?
11
Let c(r) = -4*r + 36. Calculate the remainder when 137 is divided by c(4).
17
Let k(h) = 3*h**2 - h - 2*h - 17 + 0*h**2 + 7*h. Calculate the remainder when 113 is divided by k(-5).
37
Suppose -807*w + 390 = -794*w. Calculate the remainder when 142 is divided by w.
22
Suppose 3*h + 5*d = -0*h + 123, 4*d = 4*h - 132. Let o(n) = 13*n - 18. What is the remainder when o(29) is divided by h?
35
Suppose 45 = n + y, -5*y + 61 = 3*n - 2*n. Suppose 5*o - n = b, 2*b - 7 = -9. What is the remainder when 26 is divided by o?
2
What is the remainder when (-2)/(2*1/(-37)) is divided by 28?
9
Let d(s) = s**3 - 16*s**2 + 55*s - 12. What is the remainder when 79 is divided by d(4)?
15
Let h = -954 - -975. Let d(q) = q**3 - 4*q**2 - 3*q + 3. Calculate the remainder when h is divided by d(5).
8
Let i(x) = x**2 - 17*x - 16. What is the remainder when 393 is divided by i(20)?
41
Let s = 129 - 217. Suppose -3*b + 5 = -2*b. Calculate the remainder when b is divided by (-2)/(-6) + s/(-33).
2
Suppose -2*r = z - 36 - 3, -113 = -3*z - 2*r. Calculate the remainder when z is divided by 14.
9
Let k be (-266)/57 - 3*2/(-9). Calculate the remainder when 38 is divided by (-6)/2 - (0 + 68/k).
10
Let c = 3 + 6. Suppose -n = -5*j - 11, 25 = -0*n - 4*n - 3*j. Let b(i) = -i**3 + 8*i + 10. What is the remainder when b(n) is divided by c?
6
Suppose 2*f = -0*f + 140. Suppose -16*l = -21*l + 605. Let h = l + -85. What is the remainder when f is divided by h?
34
Let l = -43 - -86. Suppose a + 66 = 2*y, y + 0*a - l = 3*a. What is the remainder when y is divided by 17?
14
Suppose 2 = -2*t - 2. Let z(i) = -6*i**3. Let m be z(1). What is the remainder when (-64)/m + t/(-6) is divided by 7?
4
Let i(h) = 26 + 17 - 10*h - 53 - 4*h**2 + 5*h**2. What is the remainder when i(-7) is divided by 28?
25
Let k be 6/27 - (-350)/45. Let z = k - 6. Suppose 2*y - z - 4 = 0. What is the remainder when y is divided by 3?
0
Let n(i) be the second derivative of -i**4/12 - 5*i**3/3 - 3*i**2 - i. Suppose 14 = -4*l - 18. What is the remainder when 16 is divided by n(l)?
6
Suppose -4*r + q = 426, 3*q - 2 = 4. Let j = r - -202. What is the remainder when j is divided by 25?
21
Let a = 9 - 6. Suppose -2*z + 3*o = -34, 0 = a*z + 3*o - 37 - 14. Calculate the remainder when z is divided by 23/5 - 2/(-5).
2
Let s(c) = -4*c - 13. Calculate the remainder when 215 is divided by s(-11).
29
What is the remainder when (-3 + 15)*26/6 is divided by 29?
23
Let v(d) = -d**3 - 3*d**2 + 209. Calculate the remainder when v(0) is divided by 14.
13
Let s be ((-5)/(-2))/((-2)/(-4)). Suppose -s*p = r - 6, 3*r - 3*p = 6*r - 54. Calculate the remainder when r is divided by 11.
10
Let y = 704 + -628. Calculate the remainder when 607 is divided by y.
75
Let m(p) = -p**3 + 16*p**2 + 8*p - 71. Calculate the remainder when 168 is divided by m(16).
54
Let f = -227 + 345. Let s be (-3 - -6 - (-49)/(-14))*86. Let j = f + s. Calculate the remainder when j is divided by 19.
18
Calculate the remainder when (-982)/(-10) - (-62)/(-310) is divided by 9.
8
Let r(j) = j**2 - 3*j - 13. Let i be r(9). Calculate the remainder when i + (-5)/((-25)/(-20)) is divided by 20.
17
Let z = -267 - -749. What is the remainder when z is divided by 21?
20
Let v(f) = 3*f**2 + 2*f + 48. What is the remainder when v(6) is divided by 35?
28
Suppose 2*j = -47 + 47. Suppose j = f + 2*v - 8, -4*f + 48 = -0*f + 4*v. Calculate the remainder when 46 is divided by f.
14
Suppose -4*w = 2*v - 8, -2*v - 3*w - 2 = -10. Let k be 6/(-4)*v/2. Calculate the remainder when k/(-1)*(-20)/(-3) is divided by 7.
6
Let o(l) = 24*l**2. Let w be o(-1). Let a = -11 + w. What is the remainder when 24 is divided by a?
11
Let v(l) = -l**3 + 12*l**2 + 42*l - 6. Let h be v(-3). Let a = 2 - -1. Suppose -h*y + 390 = a*y. What is the remainder when y is divided by 17?
14
Suppose 2*i + 4*r = -14, -6 = -2*r - r. Let z = 15 + i. Suppose 145 = t + z*t. Calculate the remainder when 85 is divided by t.
27
Suppose -5*u + 3*i + 20 = 2*i, -2*i - 10 = 0. Suppose -u*k + 10 + 47 = 0. Calculate the remainder when 56 is divided by k.
18
Let t(b) = -6*b - 2. Calculate the remainder when t(-5) is divided by (-7 + 6)/(4/(-132)*3).
6
Suppose 0 = -4*h + 3*o + 15, 7*o = 2*h + 4*o - 9. Suppose -k - 3*k + f + 139 = 0, 3*f - 108 = -h*k. What is the remainder when k is divided by 18?
17
Let o = -88 + 203. What is the remainder when o is divided by 17?
13
Suppose 0 = -92*h + 95*h - 114. What is the remainder when 186 is divided by h?
34
Let c(f) = 535 - 4*f**2 - 267 - 256 - f**3. Let w = 64 - 17. What is the remainder when w is divided by c(-4)?
11
Let r(h) = 45*h + 12. Let i(k) = 46*k + 13. Let c(x) = 4*i(x) - 5*r(x). Calculate the remainder when c(-7) is divided by 40.
39
Let b = 35 - 29. Suppose i = b*i - 125. Calculate the remainder when i is divided by 13.
12
Let v = 48 - 13. Suppose 5*t - 140 = -5*h, -4*t + 5*h + 129 = v. What is the remainder when t is divided by 16?
10
Suppose 0*o = x - o - 14, -5*o = 4*x - 11. Suppose 14 = g - x. What is the remainder when 90 is divided by g?
21
Suppose 0 = -0*b + 3*b - 51. Let l(i) be the first derivative of -i**4/4 + 16*i**3/3 - 13*i**2/2 + 18*i + 2. Calculate the remainder when l(15) is divided by b.
14
Suppose 6*h - 609 = -h. What is the remainder when h is divided by 21?
3
Suppose -k + 2*w - 6 = 3*k, 0 = k - 3*w + 4. Let l(a) = 4*a**2 + 2*a - 1. Calculate the remainder when (-37 + k)*(-6)/4 is divided by l(-3).
28
Let p(b) = b**3 + 7*b**2 - 3*b + 55. Suppose 0*l - l - 375 = -5*g, 0 = -2*g - 4*l + 128. What is the remainder when g is divided by p(-8)?
14
Let c = -143 + 174. Calculate the remainder when c is divided by 4.
3
Let v(p) = -p**3 - 2*p**2 - 3*p + 7. Suppose 0 = w + 2*z + 8, 0*z + 4 = w - z. What is the remainder when 48 is divided by v(w)?
6
Let u = 11 + -3. Let y be -7 + 2 + 16/(-4). Let o(j) = j**2 + 7*j - 15. Calculate the remainder when u is divided by o(y).
2
Let y(o) = o**2 + 11*o - 16. Let f be y(-11). Let x = f + 59. Let b = x + -30. What is the remainder when b is divided by 7?
6
Suppose 14 = -5*r - 26. Let g(p) be the first derivative of -7*p**2/2 - 11*p + 1. What is the remainder when g(r) is divided by 23?
22
Let j be 6 + -2 + -1 + 4. Suppose -j*f + 6*f = -27. Suppose 0 = -f*z + 22*z + 100. Calculate the remainder when z is divided by 7.
6
Suppose -2*b = 2*b. What is the remainder when 48 is divided by 3*(-65)/(-15) - b?
9
Let r(f) = -f**3 - f**2 + 2*f + 2. Let z be r(-4). Let o = z - 34. What is the remainder when 30 is divided by o?
6
Let c = -45 + -245. What is the remainder when 38 is divided by 28/98 + c/(-14)?
17
Suppose -5*z = 4*i - 160, 2*i - 128 = 35*z - 39*z. Calculate the remainder when 253 is divided by z.
29
Suppose 90*d + 343 = 97*d. What is the remainder when 481 is divided by d?
40
Suppose d = 350 - 88. Suppose 0 = m + n - 274, m + 5*n + d = 2*m. What is the remainder when (m/(-2))/(-4) + 1 is divided by 10?
5
Suppose -5*h + 4*q + 8 = -6, -2*h = -5*q - 9. Supp